{"version":"1.0","provider_name":"Gavra","provider_url":"https:\/\/gavra.be\/fr","title":"La Pietra Compattata: L\u2019esth\u00e9tique, l\u2019artisanat et la durabilit\u00e9 en un seul - Gavra","type":"rich","width":600,"height":338,"html":"<blockquote class=\"wp-embedded-content\" data-secret=\"rahDpGraQu\"><a href=\"https:\/\/gavra.be\/fr\/inspiration\/la-pietra-compattata\">La Pietra Compattata: L\u2019esth\u00e9tique, l\u2019artisanat et la durabilit\u00e9 en un seul<\/a><\/blockquote><iframe sandbox=\"allow-scripts\" security=\"restricted\" src=\"https:\/\/gavra.be\/fr\/inspiration\/la-pietra-compattata\/embed#?secret=rahDpGraQu\" width=\"600\" height=\"338\" title=\"\u00ab\u00a0La Pietra Compattata: L\u2019esth\u00e9tique, l\u2019artisanat et la durabilit\u00e9 en un seul\u00a0\u00bb &#8212; Gavra\" data-secret=\"rahDpGraQu\" frameborder=\"0\" marginwidth=\"0\" marginheight=\"0\" scrolling=\"no\" class=\"wp-embedded-content\"><\/iframe><script type=\"text\/javascript\">\n\/* <![CDATA[ *\/\n\/*! This file is auto-generated *\/\n!function(d,l){\"use strict\";l.querySelector&&d.addEventListener&&\"undefined\"!=typeof URL&&(d.wp=d.wp||{},d.wp.receiveEmbedMessage||(d.wp.receiveEmbedMessage=function(e){var t=e.data;if((t||t.secret||t.message||t.value)&&!\/[^a-zA-Z0-9]\/.test(t.secret)){for(var s,r,n,a=l.querySelectorAll('iframe[data-secret=\"'+t.secret+'\"]'),o=l.querySelectorAll('blockquote[data-secret=\"'+t.secret+'\"]'),c=new RegExp(\"^https?:$\",\"i\"),i=0;i<o.length;i++)o[i].style.display=\"none\";for(i=0;i<a.length;i++)s=a[i],e.source===s.contentWindow&&(s.removeAttribute(\"style\"),\"height\"===t.message?(1e3<(r=parseInt(t.value,10))?r=1e3:~~r<200&&(r=200),s.height=r):\"link\"===t.message&&(r=new URL(s.getAttribute(\"src\")),n=new URL(t.value),c.test(n.protocol))&&n.host===r.host&&l.activeElement===s&&(d.top.location.href=t.value))}},d.addEventListener(\"message\",d.wp.receiveEmbedMessage,!1),l.addEventListener(\"DOMContentLoaded\",function(){for(var e,t,s=l.querySelectorAll(\"iframe.wp-embedded-content\"),r=0;r<s.length;r++)(t=(e=s[r]).getAttribute(\"data-secret\"))||(t=Math.random().toString(36).substring(2,12),e.src+=\"#?secret=\"+t,e.setAttribute(\"data-secret\",t)),e.contentWindow.postMessage({message:\"ready\",secret:t},\"*\")},!1)))}(window,document);\n\/\/# sourceURL=https:\/\/gavra.be\/wp-includes\/js\/wp-embed.min.js\n\/* ]]> *\/\n<\/script>\n","thumbnail_url":"https:\/\/gavra.be\/wp-content\/uploads\/2025\/06\/Artigianale-scaled.jpg","thumbnail_width":1707,"thumbnail_height":2560,"description":"La Pietra Compattata cr\u00e9e des surfaces innovantes pour l\u2019int\u00e9rieur et l\u2019ext\u00e9rieur, fabriqu\u00e9es \u00e0 partir de mati\u00e8res premi\u00e8res naturelles issues de la transformation de la pierre. Son proc\u00e9d\u00e9 de fabrication artisanal, sans \u00e9mission de CO\u2082, allie innovation et respect de la nature."}

La Pietra Compattata: L’esthétique, l’artisanat et la durabilité en un seul - Gavra

<blockquote class="wp-embedded-content" data-secret="rahDpGraQu"><a href="https://gavra.be/fr/inspiration/la-pietra-compattata">La Pietra Compattata: L’esthétique, l’artisanat et la durabilité en un seul</a></blockquote><iframe sandbox="allow-scripts" security="restricted" src="https://gavra.be/fr/inspiration/la-pietra-compattata/embed#?secret=rahDpGraQu" width="600" height="338" title="« La Pietra Compattata: L’esthétique, l’artisanat et la durabilité en un seul » &#8212; Gavra" data-secret="rahDpGraQu" frameborder="0" marginwidth="0" marginheight="0" scrolling="no" class="wp-embedded-content"></iframe><script type="text/javascript">
/* <![CDATA[ */
/*! This file is auto-generated */
!function(d,l){"use strict";l.querySelector&&d.addEventListener&&"undefined"!=typeof URL&&(d.wp=d.wp||{},d.wp.receiveEmbedMessage||(d.wp.receiveEmbedMessage=function(e){var t=e.data;if((t||t.secret||t.message||t.value)&&!/[^a-zA-Z0-9]/.test(t.secret)){for(var s,r,n,a=l.querySelectorAll('iframe[data-secret="'+t.secret+'"]'),o=l.querySelectorAll('blockquote[data-secret="'+t.secret+'"]'),c=new RegExp("^https?:$","i"),i=0;i<o.length;i++)o[i].style.display="none";for(i=0;i<a.length;i++)s=a[i],e.source===s.contentWindow&&(s.removeAttribute("style"),"height"===t.message?(1e3<(r=parseInt(t.value,10))?r=1e3:~~r<200&&(r=200),s.height=r):"link"===t.message&&(r=new URL(s.getAttribute("src")),n=new URL(t.value),c.test(n.protocol))&&n.host===r.host&&l.activeElement===s&&(d.top.location.href=t.value))}},d.addEventListener("message",d.wp.receiveEmbedMessage,!1),l.addEventListener("DOMContentLoaded",function(){for(var e,t,s=l.querySelectorAll("iframe.wp-embedded-content"),r=0;r<s.length;r++)(t=(e=s[r]).getAttribute("data-secret"))||(t=Math.random().toString(36).substring(2,12),e.src+="#?secret="+t,e.setAttribute("data-secret",t)),e.contentWindow.postMessage({message:"ready",secret:t},"*")},!1)))}(window,document);
//# sourceURL=https://gavra.be/wp-includes/js/wp-embed.min.js
/* ]]> */
</script>

La Pietra Compattata crée des surfaces innovantes pour l’intérieur et l’extérieur, fabriquées à partir de matières premières naturelles issues de la transformation de la pierre. Son procédé de fabrication artisanal, sans émission de CO₂, allie innovation et respect de la nature.
